 base 5?
12403
Convert -c95c (base 15) to base 11.
-2a019
Convert 5563 (base 11) to base 8.
16241
Convert -11513 (base 6) to base 11.
-1307
Convert -1022213 (base 4) to base 12.
-291b
22466 (base 9) to base 13
6a71
1de (base 16) to base 9
581
What is 11010000111 (base 2) in base 3?
2021220
What is -5653 (base 11) in base 6?
-54235
Convert 92 (base 12) to base 16.
6e
-1011101010 (base 2) to base 3
-1000122
-213 (base 16) to base 8
-1023
20c (base 16) to base 9
642
Convert -3a3a (base 12) to base 15.
-1e9a
What is 179b (base 13) in base 6?
24124
Convert 4a1 (base 12) to base 4.
22321
Convert 355 (base 8) to base 10.
237
What is c04d (base 14) in base 6?
412433
4046 (base 8) to base 5
31321
Convert 24822 (base 9) to base 13.
77b1
-303 (base 12) to base 9
-533
179 (base 13) to base 2
100001101
What is 46199 (base 10) in base 13?
1804a
What is 1401244 (base 5) in base 3?
1102212001
What is -416 (base 7) in base 11?
-180
Convert 140522 (base 7) to base 15.
7d82
Convert 5070 (base 10) to base 4.
1033032
Convert 55531 (base 6) to base 9.
11571
-1413 (base 11) to base 14
-949
-11111101001101 (base 2) to base 8
-37515
2065 (base 9) to base 3
2002012
Convert 1498 (base 13) to base 7.
11512
Convert 11105 (base 8) to base 14.
19c1
-d63 (base 14) to base 6
-20111
-d6 (base 15) to base 8
-311
What is 1415 (base 11) in base 12?
1087
Convert 20000 (base 4) to base 2.
1000000000
What is -8342 (base 15) in base 9?
-42038
Convert 239b (base 13) to base 16.
13a5
What is 330 (base 12) in base 14?
256
-149 (base 10) to base 7
-302
-8547 (base 14) to base 12
-11383
What is -211220 (base 3) in base 4?
-21222
1111110111 (base 2) to base 3
1101121
What is 4169 (base 11) in base 14?
2024
Convert 1f1 (base 16) to base 15.
232
-52 (base 13) to base 3
-2111
-1011100011000 (base 2) to base 13
-28ca
What is -114a4 (base 11) in base 3?
-211201201
16f8 (base 16) to base 15
1b20
977 (base 10) to base 11
809
-1db (base 16) to base 7
-1246
-202324 (base 5) to base 16
-19bd
What is 440 (base 16) in base 10?
1088
-115 (base 16) to base 6
-1141
Convert 19c (base 14) to base 13.
1c9
What is -10288 (base 9) in base 6?
-51255
25 (base 6) to base 5
32
What is 7147 (base 8) in base 15?
115c
What is 110001101100111 (base 2) in base 15?
7817
472a4 (base 11) to base 5
4140422
What is 3003121 (base 4) in base 9?
18134
What is 978 (base 10) in base 16?
3d2
-111011012 (base 3) to base 2
-10010101110110
Convert 3b32 (base 12) to base 13.
3137
What is -12020210 (base 3) in base 11?
-2970
228 (base 12) to base 5
2240
Convert 9330 (base 12) to base 9.
23870
11b (base 15) to base 5
2001
11555 (base 6) to base 15
7a2
What is -156 (base 10) in base 16?
-9c
-2ec (base 15) to base 10
-672
What is -14e6 (base 16) in base 10?
-5350
What is -2302132 (base 4) in base 2?
-10110010011110
-1022102 (base 4) to base 2
-1001010010010
What is -3a938 (base 12) in base 8?
-235674
What is -102010 (base 3) in base 6?
-1220
What is 7a78 (base 16) in base 3?
1121000012
What is -20c67 (base 13) in base 3?
-10000020220
-3290 (base 15) to base 14
-3c90
Convert 5353 (base 8) to base 10.
2795
What is 2848 (base 9) in base 14?
ad8
62012 (base 7) to base 10
15101
-32043 (base 6) to base 14
-1827
What is 2941 (base 12) in base 10?
4801
-165 (base 12) to base 2
-11011101
What is 61244 (base 8) in base 6?
312524
Convert -240 (base 12) to base 15.
-176
Convert 22100121 (base 3) to base 15.
1c11
What is 1210102 (base 3) in base 11?
a89
2261 (base 7) to base 2
1100111011
-18032 (base 12) to base 13
-12995
What is 1643 (base 7) in base 3?
220202
Convert 25310 (base 6) to base 3.
12012020
-181 (base 12) to base 16
-f1
What is 483 (base 13) in base 15?
373
Convert 4cb (base 15) to base 11.
902
What is -100011000101100 (base 2) in base 15?
-54c9
-3342 (base 5) to base 3
-122111
Convert -b (base 14) to base 12.
-b
What is -102 (base 11) in base 4?
-1323
Convert 116246 (base 7) to base 15.
6518
What is -1300 (base 8) in base 2?
-1011000000
Convert -4624 (base 9) to base 4.
-311200
1720 (base 12) to base 4
223020
-8a6 (base 14) to base 12
-baa
51cd (base 16) to base 11
14808
What is -1220210 (base 3) in base 4?
-111312
-5347 (base 13) to base 12
-6827
202430 (base 6) to base 4
3330102
-13002 (base 4) to base 5
-3300
Convert 4 (base 9) to base 12.
4
33c0 (base 15) to base 4
2223210
-392 (base 11) to base 9
-565
What is -b74 (base 15) in base 2?
-101000011000
Convert -32b (base 14) to base 4.
-21303
-101010000101110 (base 2) to base 16
-542e
Convert -22051 (base 7) to base 6.
-41324
Convert 6955 (base 10) to base 4.
1230223
Convert 1222111 (base 3) to base 6.
10404
What is -3480 (base 9) in base 2?
-101000010111
Convert -bc57 (base 13) to base 10.
-26267
Convert -26734 (base 9) to base 4.
-10122232
What is -5818 (base 15) in base 8?
-44412
Convert -4314 (base 13) to base 6.
-111040
What is 16008 (base 9) in base 13?
4c9a
Convert 1ba9 (base 16) to base 5.
211311
What is -1214 (base 8) in base 13?
-3b2
Convert -15773 (base 8) to base 7.
-26612
-272 (base 12) to base 6
-1422
Convert 21303 (base 4) to base 7.
1554
Convert -7664 (base 13) to base 11.
-11418
What is -175 (base 12) in base 9?
-278
What is 134110 (base 5) in base 11?
4178
30531 (base 6) to base 9
5541
Convert -627 (base 8) to base 12.
-29b
What is -71322 (base 8) in base 12?
-15016
-140351 (base 6) to base 16
-332b
Convert 120 (base 13) to base 15.
d0
Convert -7a24 (base 12) to base 2.
-11010011111100
Convert -42c0 (base 14) to base 9.
-16737
235a2 (base 12) to base 4
23212022
What is 89 (base 12) in base 3?
10220
What is 2000 (base 3) in base 16?
36
Convert -2210122 (base 3) to base 8.
-3772
Convert 1020 (base 4) to base 16.
48
-1003043 (base 6) to base 4
-23203203
What is 47a (base 16) in base 7?
3225
1122010 (base 3) to base 13
708
Convert 24635 (base 12) to base 8.
140211
What is -41505 (base 6) in base 9?
-7585
What is 51c (base 13) in base 8?
1546
Convert -1a0 (base 15) to base 7.
-1044
What is 4421 (base 14) in base 5?
334124
What is 404 (base 10) in base 9?
488
What is -858 (base 11) in base 12?
-71b
Convert 11110010110101 (base 2) to base 14.
5941
-12002011 (base 4) to base 8
-60205
ba0 (base 13) to base 3
2201200
11010111011 (base 2) to base 11
1327
Convert -22614 (base 7) to base 4.
-1122201
What is 321332 (base 4) in base 7?
13550
Convert -235350 (base 7) to base 9.
-64530
Convert -1001202220 (base 3) to base 16.
-51f0
Convert 1110010101 (base 2) to base 14.
497
-1102100122 (base 3) to base 12
-14222
5021 (base 7) to base 4
123002
What is -2577 (base 9) in base 14?
-9c1
-11211103 (base 4) to base 15
-6b97
What is 3033 (base 5) in base 3?
112120
1704 (base 9) to base 7
3535
What is -4313 (base 6) in base 11?
-812
16377 (base 9) to base 15
34ed
What is 504 (base 6) in base 7?
352
2563 (base 13) to base 8
12310
Convert -770a (base 12) to base 13.
-5c7a
What is -b50 (base 13) in base 4?
-132010
-420 (base 5) to base 9
-132
Convert 2102012 (base 3) to base 7.
5063
What is -553 (base 8) in base 3?
-111110
What is 2a5e (base 15) in base 12?
5315
What is -2424 (base 5) in base 3?
-111111
What is -5 (base 13) in base 5?
-10
18260 (base 9) to base 6
134213
1809 (base 10) to base 15
809
1146 (base 7) to base 8
652
What is -85b4 (base 16) in base 13?
-1276c
What is -3731 (base 10) in base 13?
-1910
Convert 123 (base 10) to base 13.
96
What is 7671 (base 8) in base 4?
332321
What is 62a (base 11) in base 4?
23312
-1126 (base 10) to base 13
-688
-10000100101101 (base 2) to base 11
-6421
What is 26255 (base 9) in base 14?
664c
Convert -72d7 (base 15) to base 11.
-17270
Convert -77436 (base 8) to base 11.
-224a4
Convert 13230 (base 7) to base 10.
3549
What is -360 (base 11) in base 15?
-1d9
What is a49 (base 15) in base 5?
33234
31050 (base 7) to base 3
101101210
What is -2120 (base 11) in base 10?
-2805
Convert 303243 (base 5) to base 2.
10011001011111
What is 1342 (base 6) in base 13?
20c
Convert -101222 (base 7) to base 8.
-41560
What is 111100110101001 (base 2) in base 9?
46645
What is -1000333 (base 5) in base 12?
-911a
Convert -ddc (base 14) to base 11.
-2073
What is 1202201220 (base 3) in base 7?
203313
What is -3d0 (base 14) in base 9?
-1045
589 (base 12) to base 15
3a0
Convert -76ac (base 14) to base 13.
-9469
Convert -32056 (base 7) to base 9.
-11781
What is 580a (base 15